{"id":17,"date":"2016-01-18T06:52:47","date_gmt":"2016-01-18T06:52:47","guid":{"rendered":"http:\/\/www.heinojadesign.com\/?page_id=17"},"modified":"2022-02-28T07:50:29","modified_gmt":"2022-02-28T07:50:29","slug":"lapset","status":"publish","type":"page","link":"https:\/\/www.heinojadesign.com\/?page_id=17","title":{"rendered":"Lapset"},"content":{"rendered":"\n<h2 class=\"wp-block-heading\">Prinssit ja prinsessat kauniina<\/h2>\n\n\n\n<hr class=\"wp-block-separator is-style-wide\"\/>\n\n\n\n<p>Kastemekko kruunaa onnellisen p\u00e4iv\u00e4n. Lapsesi ensimm\u00e4inen juhla-asu suunnitellaan toiveidesi mukaan. Helmaan voidaan kirjailla nimi kasteen j\u00e4lkeen. Kastemekosta voi tulla suvun yhteinen ja vuosien varrella sen helmaan on ker\u00e4ytynyt kaikkien rakkaiden prinssien ja prinsessojen nimet.<\/p>\n\n\n\n<p>Valmistan lapsille my\u00f6s mm. esiintymisasuja, ulkoiluasuja ja asusteita tai vaikka pes\u00e4n jossa ottaa p\u00e4iv\u00e4unet.<\/p>\n","protected":false},"excerpt":{"rendered":"<p>Prinssit ja prinsessat kauniina Kastemekko kruunaa onnellisen p\u00e4iv\u00e4n. Lapsesi ensimm\u00e4inen juhla-asu suunnitellaan toiveidesi mukaan. Helmaan voidaan kirjailla nimi kasteen j\u00e4lkeen. Kastemekosta voi tulla suvun yhteinen ja vuosien varrella sen helmaan on ker\u00e4ytynyt kaikkien rakkaiden prinssien ja prinsessojen nimet. Valmistan lapsille my\u00f6s mm. esiintymisasuja, ulkoiluasuja ja asusteita tai vaikka pes\u00e4n jossa ottaa p\u00e4iv\u00e4unet.<\/p>\n","protected":false},"author":1,"featured_media":0,"parent":0,"menu_order":0,"comment_status":"closed","ping_status":"closed","template":"","meta":{"footnotes":""},"class_list":["post-17","page","type-page","status-publish","hentry"],"_links":{"self":[{"href":"https:\/\/www.heinojadesign.com\/index.php?rest_route=\/wp\/v2\/pages\/17","targetHints":{"allow":["GET"]}}],"collection":[{"href":"https:\/\/www.heinojadesign.com\/index.php?rest_route=\/wp\/v2\/pages"}],"about":[{"href":"https:\/\/www.heinojadesign.com\/index.php?rest_route=\/wp\/v2\/types\/page"}],"author":[{"embeddable":true,"href":"https:\/\/www.heinojadesign.com\/index.php?rest_route=\/wp\/v2\/users\/1"}],"replies":[{"embeddable":true,"href":"https:\/\/www.heinojadesign.com\/index.php?rest_route=%2Fwp%2Fv2%2Fcomments&post=17"}],"version-history":[{"count":6,"href":"https:\/\/www.heinojadesign.com\/index.php?rest_route=\/wp\/v2\/pages\/17\/revisions"}],"predecessor-version":[{"id":552,"href":"https:\/\/www.heinojadesign.com\/index.php?rest_route=\/wp\/v2\/pages\/17\/revisions\/552"}],"wp:attachment":[{"href":"https:\/\/www.heinojadesign.com\/index.php?rest_route=%2Fwp%2Fv2%2Fmedia&parent=17"}],"curies":[{"name":"wp","href":"https:\/\/api.w.org\/{rel}","templated":true}]}}