{"id":21,"date":"2016-01-18T06:53:09","date_gmt":"2016-01-18T06:53:09","guid":{"rendered":"http:\/\/www.heinojadesign.com\/?page_id=21"},"modified":"2022-02-28T07:39:51","modified_gmt":"2022-02-28T07:39:51","slug":"asusteet-projektit","status":"publish","type":"page","link":"https:\/\/www.heinojadesign.com\/?page_id=21","title":{"rendered":"Asusteet ja projektit"},"content":{"rendered":"\n<h1 class=\"wp-block-heading\">Asun kruuna sopiva asuste<\/h1>\n\n\n\n<hr class=\"wp-block-separator is-style-wide\"\/>\n\n\n\n<p>Heinoja Design suunnittelee my\u00f6s asusteita juhliin ja arkeen. Myynniss\u00e4 on kaulaliinoja, huiveja ja k\u00e4silaukkuja. Tuotteita tehd\u00e4\u00e4n my\u00f6s tilauksesta. Voit esimerkiksi juhla-asua tilatessasi tilata samasta kankaasta tehdyn juhlalaukun.<\/p>\n\n\n\n<p><\/p>\n","protected":false},"excerpt":{"rendered":"<p>Asun kruuna sopiva asuste Heinoja Design suunnittelee my\u00f6s asusteita juhliin ja arkeen. Myynniss\u00e4 on kaulaliinoja, huiveja ja k\u00e4silaukkuja. Tuotteita tehd\u00e4\u00e4n my\u00f6s tilauksesta. Voit esimerkiksi juhla-asua tilatessasi tilata samasta kankaasta tehdyn juhlalaukun.<\/p>\n","protected":false},"author":1,"featured_media":0,"parent":0,"menu_order":0,"comment_status":"closed","ping_status":"closed","template":"","meta":{"footnotes":""},"class_list":["post-21","page","type-page","status-publish","hentry"],"_links":{"self":[{"href":"https:\/\/www.heinojadesign.com\/index.php?rest_route=\/wp\/v2\/pages\/21","targetHints":{"allow":["GET"]}}],"collection":[{"href":"https:\/\/www.heinojadesign.com\/index.php?rest_route=\/wp\/v2\/pages"}],"about":[{"href":"https:\/\/www.heinojadesign.com\/index.php?rest_route=\/wp\/v2\/types\/page"}],"author":[{"embeddable":true,"href":"https:\/\/www.heinojadesign.com\/index.php?rest_route=\/wp\/v2\/users\/1"}],"replies":[{"embeddable":true,"href":"https:\/\/www.heinojadesign.com\/index.php?rest_route=%2Fwp%2Fv2%2Fcomments&post=21"}],"version-history":[{"count":7,"href":"https:\/\/www.heinojadesign.com\/index.php?rest_route=\/wp\/v2\/pages\/21\/revisions"}],"predecessor-version":[{"id":547,"href":"https:\/\/www.heinojadesign.com\/index.php?rest_route=\/wp\/v2\/pages\/21\/revisions\/547"}],"wp:attachment":[{"href":"https:\/\/www.heinojadesign.com\/index.php?rest_route=%2Fwp%2Fv2%2Fmedia&parent=21"}],"curies":[{"name":"wp","href":"https:\/\/api.w.org\/{rel}","templated":true}]}}