{"id":5,"date":"2016-01-18T06:43:32","date_gmt":"2016-01-18T06:43:32","guid":{"rendered":"http:\/\/www.heinojadesign.com\/?page_id=5"},"modified":"2024-06-18T06:55:29","modified_gmt":"2024-06-18T06:55:29","slug":"etusivu","status":"publish","type":"page","link":"https:\/\/www.heinojadesign.com\/","title":{"rendered":"Etusivu"},"content":{"rendered":"\n<div class=\"wp-block-cover alignfull is-light\" style=\"min-height:566px;aspect-ratio:unset;\"><span aria-hidden=\"true\" class=\"wp-block-cover__background has-background-dim-40 has-background-dim\"><\/span><img loading=\"lazy\" decoding=\"async\" width=\"2560\" height=\"1714\" class=\"wp-block-cover__image-background wp-image-129\" alt=\"\" src=\"https:\/\/www.heinojadesign.com\/wp-content\/uploads\/2016\/01\/DSC06149-scaled.jpg\" style=\"object-position:57% 67%\" data-object-fit=\"cover\" data-object-position=\"57% 67%\" srcset=\"https:\/\/www.heinojadesign.com\/wp-content\/uploads\/2016\/01\/DSC06149-scaled.jpg 2560w, https:\/\/www.heinojadesign.com\/wp-content\/uploads\/2016\/01\/DSC06149-scaled-416x279.jpg 416w, https:\/\/www.heinojadesign.com\/wp-content\/uploads\/2016\/01\/DSC06149-300x201.jpg 300w, https:\/\/www.heinojadesign.com\/wp-content\/uploads\/2016\/01\/DSC06149-768x514.jpg 768w, https:\/\/www.heinojadesign.com\/wp-content\/uploads\/2016\/01\/DSC06149-1024x685.jpg 1024w, https:\/\/www.heinojadesign.com\/wp-content\/uploads\/2016\/01\/DSC06149-218x146.jpg 218w, https:\/\/www.heinojadesign.com\/wp-content\/uploads\/2016\/01\/DSC06149-50x33.jpg 50w, https:\/\/www.heinojadesign.com\/wp-content\/uploads\/2016\/01\/DSC06149-112x75.jpg 112w\" sizes=\"auto, (max-width: 2560px) 100vw, 2560px\" \/><div class=\"wp-block-cover__inner-container is-layout-flow wp-block-cover-is-layout-flow\">\n<h2 class=\"wp-block-heading alignwide has-text-align-center has-text-color\" style=\"color:#ffe074;font-size:64px\">Tervetuloa<\/h2>\n\n\n\n<p class=\"has-text-align-center has-medium-font-size\">Sivustolta l\u00f6yd\u00e4t suunnittelija Jonna Heinojan suunnittelemia ja toteuttamia vaatteita. Jos kiinnostut sivuilla olevasta tuotteesta tai haluat keskustella tarvitsemastasi tuotteesta, niin \u00e4l\u00e4 ep\u00e4r\u00f6i ottaa yhteytt\u00e4. <\/p>\n\n\n\n<p class=\"has-text-align-center has-medium-font-size\">Tehd\u00e4\u00e4n sinulle yhdess\u00e4 unelmiesi asu!<\/p>\n\n\n\n<div class=\"wp-block-columns alignwide is-layout-flex wp-container-core-columns-is-layout-28f84493 wp-block-columns-is-layout-flex\">\n<div class=\"wp-block-column is-layout-flow wp-block-column-is-layout-flow\"><\/div>\n<\/div>\n<\/div><\/div>\n\n\n\n<div style=\"height:30px\" aria-hidden=\"true\" class=\"wp-block-spacer\"><\/div>\n\n\n\n<div style=\"height:30px\" aria-hidden=\"true\" class=\"wp-block-spacer\"><\/div>\n\n\n\n<div class=\"wp-block-columns is-layout-flex wp-container-core-columns-is-layout-28f84493 wp-block-columns-is-layout-flex\">\n<div class=\"wp-block-column has-text-color has-background has-link-color wp-elements-ef98bfa72d1e7b53f3a473ba47e32b5e is-layout-flow wp-block-column-is-layout-flow\" style=\"color:#000000;background-color:#cadbe9;padding-top:2em;padding-right:2em;padding-bottom:2em;padding-left:2em\">\n<h2 class=\"wp-block-heading\" id=\"family\" style=\"font-size:40px\"><strong>Galleria<\/strong><\/h2>\n\n\n\n<p class=\"has-normal-font-size\" style=\"line-height:1.5\"><strong>Esimerkkej\u00e4 tekemist\u00e4ni tuotteista<\/strong><\/p>\n\n\n\n<hr class=\"wp-block-separator has-text-color has-black-color has-css-opacity has-black-background-color has-background is-style-wide\"\/>\n\n\n\n<ul class=\"has-normal-font-size wp-block-list\">\n<li>Vaatteiden lis\u00e4ksi meilt\u00e4 saa koruja, neulontat\u00f6it\u00e4 ja verhoilua.<\/li>\n\n\n\n<li>Alta l\u00f6ytyv\u00e4st\u00e4 painikkeesta on suora tie galleriaan. Tervetuloa tutustumaan tehtyihin t\u00f6ihin.<\/li>\n<\/ul>\n\n\n\n<ul class=\"wp-block-social-links has-icon-color is-style-logos-only is-layout-flex wp-block-social-links-is-layout-flex\">\n\n<\/ul>\n\n\n\n<div class=\"wp-block-buttons is-horizontal is-content-justification-center is-layout-flex wp-container-core-buttons-is-layout-03627597 wp-block-buttons-is-layout-flex\">\n<div class=\"wp-block-button has-custom-width wp-block-button__width-100 is-style-fill\"><a class=\"wp-block-button__link has-white-color has-text-color has-background wp-element-button\" href=\"https:\/\/www.heinojadesign.com\/?page_id=11\" style=\"background-color:#3679a0\">Galleriaan<\/a><\/div>\n<\/div>\n<\/div>\n\n\n\n<div class=\"wp-block-column has-text-color has-background has-link-color wp-elements-185705a700ca7e9ded508a2c828d39ab is-layout-flow wp-block-column-is-layout-flow\" style=\"color:#000000;background-color:#c0ebf1;padding-top:2em;padding-right:2em;padding-bottom:2em;padding-left:2em\">\n<h2 class=\"wp-block-heading\" id=\"patron\" style=\"font-size:40px\"><strong>Yhteystiedot<\/strong><\/h2>\n\n\n\n<p class=\"has-normal-font-size\"><strong>Ota yhteytt\u00e4 ja kysy lis\u00e4\u00e4<\/strong><\/p>\n\n\n\n<hr class=\"wp-block-separator has-text-color has-black-color has-css-opacity has-black-background-color has-background is-style-wide\"\/>\n\n\n\n<p>Onko sinulla mieless\u00e4 tuote jonka haluaisit? Kerro lis\u00e4\u00e4 ottamalla yhteytt\u00e4.<br>p. <a href=\"tel:+358500520570\" data-type=\"tel\" data-id=\"tel:+358500520570\">0500520570<\/a> <br><a href=\"mailto:jonna.heinoja@gmail.com\" data-type=\"mailto\">s\u00e4hk\u00f6postilla<\/a><\/p>\n\n\n\n<p>Liikkeen l\u00f6yd\u00e4t osoitteesta: <br>Louhenpolku 4, 20100 Turku<\/p>\n\n\n\n<div class=\"wp-block-buttons is-horizontal is-content-justification-center is-layout-flex wp-container-core-buttons-is-layout-03627597 wp-block-buttons-is-layout-flex\">\n<div class=\"wp-block-button has-custom-width wp-block-button__width-100\"><a class=\"wp-block-button__link has-white-color has-text-color has-background wp-element-button\" href=\"https:\/\/www.heinojadesign.com\/?page_id=25\" style=\"background-color:#3679a0\">Ota yhteytt\u00e4<\/a><\/div>\n<\/div>\n<\/div>\n<\/div>\n\n\n\n<div style=\"height:80px\" aria-hidden=\"true\" class=\"wp-block-spacer\"><\/div>\n\n\n\n<h3 class=\"wp-block-heading has-text-align-center\">Yhteisty\u00f6kumppanimme<\/h3>\n\n\n\n<hr class=\"wp-block-separator has-text-color has-vivid-cyan-blue-color has-css-opacity has-vivid-cyan-blue-background-color has-background is-style-default\"\/>\n\n\n\n<div class=\"wp-block-columns is-layout-flex wp-container-core-columns-is-layout-28f84493 wp-block-columns-is-layout-flex\">\n<div class=\"wp-block-column is-layout-flow wp-block-column-is-layout-flow\" style=\"flex-basis:50%\">\n<p>Frakit, smokit ja juhlakeng\u00e4t <a rel=\"noreferrer noopener\" href=\"http:\/\/www.frakki.fi\" data-type=\"URL\" data-id=\"http:\/\/www.frakki.fi\" target=\"_blank\"><strong>www.frakk<\/strong><\/a><a href=\"http:\/\/www.frakki.fi\" data-type=\"URL\" data-id=\"http:\/\/www.frakki.fi\" target=\"_blank\" rel=\"noreferrer noopener\"><strong>i<\/strong><\/a><a rel=\"noreferrer noopener\" href=\"http:\/\/www.frakki.fi\" data-type=\"URL\" data-id=\"http:\/\/www.frakki.fi\" target=\"_blank\"><strong>.fi<\/strong><\/a><\/p>\n\n\n\n<p class=\"has-normal-font-size\">Yhteisty\u00f6ss\u00e4 <strong><a href=\"http:\/\/www.kamus.fi\">Kamus.fi<\/a><\/strong> kanssa saat my\u00f6s vaatteisiin \/ tekstiileihin erilaiset merkkaus- ja painokuviot sek\u00e4 tekstit.<\/p>\n<\/div>\n\n\n\n<div class=\"wp-block-column is-layout-flow wp-block-column-is-layout-flow\" style=\"flex-basis:50%\"><div class=\"wp-block-image\">\n<figure class=\"aligncenter size-full\"><a href=\"https:\/\/www.heinojadesign.com\/wp-content\/uploads\/2022\/02\/cropped-Frakki.Fi-Logo.png\"><img loading=\"lazy\" decoding=\"async\" width=\"213\" height=\"42\" src=\"https:\/\/www.heinojadesign.com\/wp-content\/uploads\/2022\/02\/cropped-Frakki.Fi-Logo.png\" alt=\"\" class=\"wp-image-432\"\/><\/a><\/figure><\/div>\n\n<div class=\"wp-block-image\">\n<figure class=\"aligncenter size-full\"><a href=\"https:\/\/www.heinojadesign.com\/wp-content\/uploads\/2022\/02\/kamus_fi_logo.jpg\"><img loading=\"lazy\" decoding=\"async\" width=\"148\" height=\"41\" src=\"https:\/\/www.heinojadesign.com\/wp-content\/uploads\/2022\/02\/kamus_fi_logo.jpg\" alt=\"\" class=\"wp-image-433\"\/><\/a><\/figure><\/div><\/div>\n<\/div>\n\n\n\n<p><\/p>\n","protected":false},"excerpt":{"rendered":"<p>Galleria Esimerkkej\u00e4 tekemist\u00e4ni tuotteista Yhteystiedot Ota yhteytt\u00e4 ja kysy lis\u00e4\u00e4 Onko sinulla mieless\u00e4 tuote jonka haluaisit? Kerro lis\u00e4\u00e4 ottamalla yhteytt\u00e4.p. 0500520570 s\u00e4hk\u00f6postilla Liikkeen l\u00f6yd\u00e4t osoitteesta: Louhenpolku 4, 20100 Turku Yhteisty\u00f6kumppanimme Frakit, smokit ja juhlakeng\u00e4t www.frakki.fi Yhteisty\u00f6ss\u00e4 Kamus.fi kanssa saat my\u00f6s vaatteisiin \/ tekstiileihin erilaiset merkkaus- ja painokuviot sek\u00e4 tekstit.<\/p>\n","protected":false},"author":1,"featured_media":0,"parent":0,"menu_order":0,"comment_status":"closed","ping_status":"closed","template":"","meta":{"footnotes":""},"class_list":["post-5","page","type-page","status-publish","hentry"],"_links":{"self":[{"href":"https:\/\/www.heinojadesign.com\/index.php?rest_route=\/wp\/v2\/pages\/5","targetHints":{"allow":["GET"]}}],"collection":[{"href":"https:\/\/www.heinojadesign.com\/index.php?rest_route=\/wp\/v2\/pages"}],"about":[{"href":"https:\/\/www.heinojadesign.com\/index.php?rest_route=\/wp\/v2\/types\/page"}],"author":[{"embeddable":true,"href":"https:\/\/www.heinojadesign.com\/index.php?rest_route=\/wp\/v2\/users\/1"}],"replies":[{"embeddable":true,"href":"https:\/\/www.heinojadesign.com\/index.php?rest_route=%2Fwp%2Fv2%2Fcomments&post=5"}],"version-history":[{"count":27,"href":"https:\/\/www.heinojadesign.com\/index.php?rest_route=\/wp\/v2\/pages\/5\/revisions"}],"predecessor-version":[{"id":595,"href":"https:\/\/www.heinojadesign.com\/index.php?rest_route=\/wp\/v2\/pages\/5\/revisions\/595"}],"wp:attachment":[{"href":"https:\/\/www.heinojadesign.com\/index.php?rest_route=%2Fwp%2Fv2%2Fmedia&parent=5"}],"curies":[{"name":"wp","href":"https:\/\/api.w.org\/{rel}","templated":true}]}}

<div class="wp-block-cover alignfull is-light" style="min-height:566px;aspect-ratio:unset;"><span aria-hidden="true" class="wp-block-cover__background has-background-dim-40 has-background-dim"></span><img loading="lazy" decoding="async" width="2560" height="1714" class="wp-block-cover__image-background wp-image-129" alt="" src="https://www.heinojadesign.com/wp-content/uploads/2016/01/DSC06149-scaled.jpg" style="object-position:57% 67%" data-object-fit="cover" data-object-position="57% 67%" srcset="https://www.heinojadesign.com/wp-content/uploads/2016/01/DSC06149-scaled.jpg 2560w, https://www.heinojadesign.com/wp-content/uploads/2016/01/DSC06149-scaled-416x279.jpg 416w, https://www.heinojadesign.com/wp-content/uploads/2016/01/DSC06149-300x201.jpg 300w, https://www.heinojadesign.com/wp-content/uploads/2016/01/DSC06149-768x514.jpg 768w, https://www.heinojadesign.com/wp-content/uploads/2016/01/DSC06149-1024x685.jpg 1024w, https://www.heinojadesign.com/wp-content/uploads/2016/01/DSC06149-218x146.jpg 218w, https://www.heinojadesign.com/wp-content/uploads/2016/01/DSC06149-50x33.jpg 50w, https://www.heinojadesign.com/wp-content/uploads/2016/01/DSC06149-112x75.jpg 112w" sizes="auto, (max-width: 2560px) 100vw, 2560px" /><div class="wp-block-cover__inner-container is-layout-flow wp-block-cover-is-layout-flow">
<h2 class="wp-block-heading alignwide has-text-align-center has-text-color" style="color:#ffe074;font-size:64px">Tervetuloa</h2>



<p class="has-text-align-center has-medium-font-size">Sivustolta löydät suunnittelija Jonna Heinojan suunnittelemia ja toteuttamia vaatteita. Jos kiinnostut sivuilla olevasta tuotteesta tai haluat keskustella tarvitsemastasi tuotteesta, niin älä epäröi ottaa yhteyttä. </p>



<p class="has-text-align-center has-medium-font-size">Tehdään sinulle yhdessä unelmiesi asu!</p>



<div class="wp-block-columns alignwide is-layout-flex wp-container-core-columns-is-layout-28f84493 wp-block-columns-is-layout-flex">
<div class="wp-block-column is-layout-flow wp-block-column-is-layout-flow"></div>
</div>
</div></div>



<div style="height:30px" aria-hidden="true" class="wp-block-spacer"></div>



<div style="height:30px" aria-hidden="true" class="wp-block-spacer"></div>



<div class="wp-block-columns is-layout-flex wp-container-core-columns-is-layout-28f84493 wp-block-columns-is-layout-flex">
<div class="wp-block-column has-text-color has-background has-link-color wp-elements-ef98bfa72d1e7b53f3a473ba47e32b5e is-layout-flow wp-block-column-is-layout-flow" style="color:#000000;background-color:#cadbe9;padding-top:2em;padding-right:2em;padding-bottom:2em;padding-left:2em">
<h2 class="wp-block-heading" id="family" style="font-size:40px"><strong>Galleria</strong></h2>



<p class="has-normal-font-size" style="line-height:1.5"><strong>Esimerkkejä tekemistäni tuotteista</strong></p>



<hr class="wp-block-separator has-text-color has-black-color has-css-opacity has-black-background-color has-background is-style-wide"/>



<ul class="has-normal-font-size wp-block-list">
<li>Vaatteiden lisäksi meiltä saa koruja, neulontatöitä ja verhoilua.</li>



<li>Alta löytyvästä painikkeesta on suora tie galleriaan. Tervetuloa tutustumaan tehtyihin töihin.</li>
</ul>



<ul class="wp-block-social-links has-icon-color is-style-logos-only is-layout-flex wp-block-social-links-is-layout-flex">

</ul>



<div class="wp-block-buttons is-horizontal is-content-justification-center is-layout-flex wp-container-core-buttons-is-layout-03627597 wp-block-buttons-is-layout-flex">
<div class="wp-block-button has-custom-width wp-block-button__width-100 is-style-fill"><a class="wp-block-button__link has-white-color has-text-color has-background wp-element-button" href="https://www.heinojadesign.com/?page_id=11" style="background-color:#3679a0">Galleriaan</a></div>
</div>
</div>



<div class="wp-block-column has-text-color has-background has-link-color wp-elements-185705a700ca7e9ded508a2c828d39ab is-layout-flow wp-block-column-is-layout-flow" style="color:#000000;background-color:#c0ebf1;padding-top:2em;padding-right:2em;padding-bottom:2em;padding-left:2em">
<h2 class="wp-block-heading" id="patron" style="font-size:40px"><strong>Yhteystiedot</strong></h2>



<p class="has-normal-font-size"><strong>Ota yhteyttä ja kysy lisää</strong></p>



<hr class="wp-block-separator has-text-color has-black-color has-css-opacity has-black-background-color has-background is-style-wide"/>



<p>Onko sinulla mielessä tuote jonka haluaisit? Kerro lisää ottamalla yhteyttä.<br>p. <a href="tel:+358500520570" data-type="tel" data-id="tel:+358500520570">0500520570</a> <br><a href="mailto:jonna.heinoja@gmail.com" data-type="mailto">sähköpostilla</a></p>



<p>Liikkeen löydät osoitteesta: <br>Louhenpolku 4, 20100 Turku</p>



<div class="wp-block-buttons is-horizontal is-content-justification-center is-layout-flex wp-container-core-buttons-is-layout-03627597 wp-block-buttons-is-layout-flex">
<div class="wp-block-button has-custom-width wp-block-button__width-100"><a class="wp-block-button__link has-white-color has-text-color has-background wp-element-button" href="https://www.heinojadesign.com/?page_id=25" style="background-color:#3679a0">Ota yhteyttä</a></div>
</div>
</div>
</div>



<div style="height:80px" aria-hidden="true" class="wp-block-spacer"></div>



<h3 class="wp-block-heading has-text-align-center">Yhteistyökumppanimme</h3>



<hr class="wp-block-separator has-text-color has-vivid-cyan-blue-color has-css-opacity has-vivid-cyan-blue-background-color has-background is-style-default"/>



<div class="wp-block-columns is-layout-flex wp-container-core-columns-is-layout-28f84493 wp-block-columns-is-layout-flex">
<div class="wp-block-column is-layout-flow wp-block-column-is-layout-flow" style="flex-basis:50%">
<p>Frakit, smokit ja juhlakengät <a rel="noreferrer noopener" href="http://www.frakki.fi" data-type="URL" data-id="http://www.frakki.fi" target="_blank"><strong>www.frakk</strong></a><a href="http://www.frakki.fi" data-type="URL" data-id="http://www.frakki.fi" target="_blank" rel="noreferrer noopener"><strong>i</strong></a><a rel="noreferrer noopener" href="http://www.frakki.fi" data-type="URL" data-id="http://www.frakki.fi" target="_blank"><strong>.fi</strong></a></p>



<p class="has-normal-font-size">Yhteistyössä <strong><a href="http://www.kamus.fi">Kamus.fi</a></strong> kanssa saat myös vaatteisiin / tekstiileihin erilaiset merkkaus- ja painokuviot sekä tekstit.</p>
</div>



<div class="wp-block-column is-layout-flow wp-block-column-is-layout-flow" style="flex-basis:50%"><div class="wp-block-image">
<figure class="aligncenter size-full"><a href="https://www.heinojadesign.com/wp-content/uploads/2022/02/cropped-Frakki.Fi-Logo.png"><img loading="lazy" decoding="async" width="213" height="42" src="https://www.heinojadesign.com/wp-content/uploads/2022/02/cropped-Frakki.Fi-Logo.png" alt="" class="wp-image-432"/></a></figure></div>

<div class="wp-block-image">
<figure class="aligncenter size-full"><a href="https://www.heinojadesign.com/wp-content/uploads/2022/02/kamus_fi_logo.jpg"><img loading="lazy" decoding="async" width="148" height="41" src="https://www.heinojadesign.com/wp-content/uploads/2022/02/kamus_fi_logo.jpg" alt="" class="wp-image-433"/></a></figure></div></div>
</div>



<p></p>

<p>Galleria Esimerkkejä tekemistäni tuotteista Yhteystiedot Ota yhteyttä ja kysy lisää Onko sinulla mielessä tuote jonka haluaisit? Kerro lisää ottamalla yhteyttä.p. 0500520570 sähköpostilla Liikkeen löydät osoitteesta: Louhenpolku 4, 20100 Turku Yhteistyökumppanimme Frakit, smokit ja juhlakengät www.frakki.fi Yhteistyössä Kamus.fi kanssa saat myös vaatteisiin / tekstiileihin erilaiset merkkaus- ja painokuviot sekä tekstit.</p>
