{"id":334,"date":"2021-09-28T16:49:48","date_gmt":"2021-09-28T16:49:48","guid":{"rendered":"https:\/\/www.heinojadesign.com\/?post_type=product&#038;p=334"},"modified":"2021-09-29T18:49:58","modified_gmt":"2021-09-29T18:49:58","slug":"pallo-kauluspaita","status":"publish","type":"product","link":"https:\/\/www.heinojadesign.com\/?product=pallo-kauluspaita","title":{"rendered":"Pallo -kauluspaita"},"content":{"rendered":"<p>Persoonallinen musta pohjainen kauluspaita valkoisilla palloilla ja kauluksilla. Hihan suissa 3cm levyiset frillat. Sivusaumoissa helmassa 10 cm pituiset halkiot. Kangas on ihanan kevytt\u00e4 ja mielytt\u00e4v\u00e4n tuntuista viskoosia. Malli on suorahko ja normaalia v\u00e4ljempi. Pituus sel\u00e4ss\u00e4 72cm.<\/p>\n<p>Kangas: 100% viskoosia.<\/p>\n<p>Pesu ja hoito-ohje: 30 asteen\u00a0 vesipesu ja\u00a0 1 pisteen silitys.<\/p>\n<p>Koko: Perus kokojen ymp\u00e4rysmittaan +10cm, pituus<\/p>\n<p>Tutustu kokoihin ja mittoihin t\u00e4st\u00e4 https:\/\/www.heinojadesign.com\/tuote\/koot-ja-niiden-mitat\/<\/p>\n","protected":false},"excerpt":{"rendered":"<p>Souomessa k\u00e4sin tehty, musta pohjainen, valkoisilla palloilla oleva kauluspaita.<\/p>\n","protected":false},"featured_media":338,"comment_status":"closed","ping_status":"closed","template":"","meta":[],"product_brand":[],"product_cat":[19],"product_tag":[68,45,34,20,46,67,44,47],"class_list":{"0":"post-334","1":"product","2":"type-product","3":"status-publish","4":"has-post-thumbnail","6":"product_cat-vaatteet","7":"product_tag-frilla","8":"product_tag-kauluspaita","9":"product_tag-musta","10":"product_tag-paita","11":"product_tag-pallo","12":"product_tag-royhelo","13":"product_tag-vaatteet","14":"product_tag-valkoinen","16":"first","17":"instock","18":"shipping-taxable","19":"purchasable","20":"product-type-simple"},"_links":{"self":[{"href":"https:\/\/www.heinojadesign.com\/index.php?rest_route=\/wp\/v2\/product\/334","targetHints":{"allow":["GET"]}}],"collection":[{"href":"https:\/\/www.heinojadesign.com\/index.php?rest_route=\/wp\/v2\/product"}],"about":[{"href":"https:\/\/www.heinojadesign.com\/index.php?rest_route=\/wp\/v2\/types\/product"}],"replies":[{"embeddable":true,"href":"https:\/\/www.heinojadesign.com\/index.php?rest_route=%2Fwp%2Fv2%2Fcomments&post=334"}],"wp:featuredmedia":[{"embeddable":true,"href":"https:\/\/www.heinojadesign.com\/index.php?rest_route=\/wp\/v2\/media\/338"}],"wp:attachment":[{"href":"https:\/\/www.heinojadesign.com\/index.php?rest_route=%2Fwp%2Fv2%2Fmedia&parent=334"}],"wp:term":[{"taxonomy":"product_brand","embeddable":true,"href":"https:\/\/www.heinojadesign.com\/index.php?rest_route=%2Fwp%2Fv2%2Fproduct_brand&post=334"},{"taxonomy":"product_cat","embeddable":true,"href":"https:\/\/www.heinojadesign.com\/index.php?rest_route=%2Fwp%2Fv2%2Fproduct_cat&post=334"},{"taxonomy":"product_tag","embeddable":true,"href":"https:\/\/www.heinojadesign.com\/index.php?rest_route=%2Fwp%2Fv2%2Fproduct_tag&post=334"}],"curies":[{"name":"wp","href":"https:\/\/api.w.org\/{rel}","templated":true}]}}