{"id":342,"date":"2021-09-29T19:06:48","date_gmt":"2021-09-29T19:06:48","guid":{"rendered":"https:\/\/www.heinojadesign.com\/?post_type=product&#038;p=342"},"modified":"2021-09-29T19:06:48","modified_gmt":"2021-09-29T19:06:48","slug":"kukkapaita","status":"publish","type":"product","link":"https:\/\/www.heinojadesign.com\/?product=kukkapaita","title":{"rendered":"Kukkapaita"},"content":{"rendered":"<p>T\u00e4m\u00e4 kaunis kukallinen pusero mustilla satiininauha somisteilla\u00a0 hihoissa sopii niin arkeen kuin juhlaankin. Hihansuissa n. 10cm korkuiset frillat ja sel\u00e4ss\u00e4 kolme laskosta antavat tilaa. Malli on v\u00e4h\u00e4n A-linjainen. Pituus n. 68cm sel\u00e4ss\u00e4.<\/p>\n<p>Kangas: 100% viskoosia<\/p>\n<p>Hoito-ohjeet : 30 asteen pesu, yhden pisteen silitys<\/p>\n<p>Koko: Ymp\u00e4ryksen v\u00e4ljyys +10cm<\/p>\n<p>Tutustu kokotaulukkoon t\u00e4st\u00e4 https:\/\/www.heinojadesign.com\/tuote\/koot-ja-niiden-mitat\/<\/p>\n","protected":false},"excerpt":{"rendered":"<p>Suomessa k\u00e4sin tehty\u00a0 kukkapaita mustilla satiininauha somisteilla.<\/p>\n","protected":false},"featured_media":335,"comment_status":"closed","ping_status":"closed","template":"","meta":[],"product_brand":[],"product_cat":[19],"product_tag":[51,49,50,20,48],"class_list":{"0":"post-342","1":"product","2":"type-product","3":"status-publish","4":"has-post-thumbnail","6":"product_cat-vaatteet","7":"product_tag-juhlapusero","8":"product_tag-kukkapusero","9":"product_tag-kukkia","10":"product_tag-paita","11":"product_tag-pusero","13":"first","14":"instock","15":"shipping-taxable","16":"purchasable","17":"product-type-simple"},"_links":{"self":[{"href":"https:\/\/www.heinojadesign.com\/index.php?rest_route=\/wp\/v2\/product\/342","targetHints":{"allow":["GET"]}}],"collection":[{"href":"https:\/\/www.heinojadesign.com\/index.php?rest_route=\/wp\/v2\/product"}],"about":[{"href":"https:\/\/www.heinojadesign.com\/index.php?rest_route=\/wp\/v2\/types\/product"}],"replies":[{"embeddable":true,"href":"https:\/\/www.heinojadesign.com\/index.php?rest_route=%2Fwp%2Fv2%2Fcomments&post=342"}],"wp:featuredmedia":[{"embeddable":true,"href":"https:\/\/www.heinojadesign.com\/index.php?rest_route=\/wp\/v2\/media\/335"}],"wp:attachment":[{"href":"https:\/\/www.heinojadesign.com\/index.php?rest_route=%2Fwp%2Fv2%2Fmedia&parent=342"}],"wp:term":[{"taxonomy":"product_brand","embeddable":true,"href":"https:\/\/www.heinojadesign.com\/index.php?rest_route=%2Fwp%2Fv2%2Fproduct_brand&post=342"},{"taxonomy":"product_cat","embeddable":true,"href":"https:\/\/www.heinojadesign.com\/index.php?rest_route=%2Fwp%2Fv2%2Fproduct_cat&post=342"},{"taxonomy":"product_tag","embeddable":true,"href":"https:\/\/www.heinojadesign.com\/index.php?rest_route=%2Fwp%2Fv2%2Fproduct_tag&post=342"}],"curies":[{"name":"wp","href":"https:\/\/api.w.org\/{rel}","templated":true}]}}