{"id":353,"date":"2021-09-29T19:04:19","date_gmt":"2021-09-29T19:04:19","guid":{"rendered":"https:\/\/www.heinojadesign.com\/?post_type=product&#038;p=353"},"modified":"2021-09-29T19:04:20","modified_gmt":"2021-09-29T19:04:20","slug":"perhos-kauluspaita","status":"publish","type":"product","link":"https:\/\/www.heinojadesign.com\/?product=perhos-kauluspaita","title":{"rendered":"Perhos kauluspaita"},"content":{"rendered":"<p>Perhos kuosinen perus paitapusero on ihanan kevyt viskoosi kankaan ansiosta eik\u00e4 rypisty samalla tavalla kuin puuvilla. Pituus sel\u00e4st\u00e4 65cm.<\/p>\n<p>Kangas : 100% viskoosia<\/p>\n<p>Hoito-ohjeet: 30 asteen pesu, 1 pisteen silitys<\/p>\n<p>Koko: +5cm v\u00e4ljyytt\u00e4.<\/p>\n<p>Tutustu t\u00e4st\u00e4 kokotaulukkoon https:\/\/www.heinojadesign.com\/tuote\/koot-ja-niiden-mitat\/ .<\/p>\n<p>&nbsp;<\/p>\n","protected":false},"excerpt":{"rendered":"<p>Sininen perhos kauluspaita.<\/p>\n","protected":false},"featured_media":348,"comment_status":"closed","ping_status":"closed","template":"","meta":[],"product_brand":[],"product_cat":[19],"product_tag":[45,20,65,48,30,66],"class_list":{"0":"post-353","1":"product","2":"type-product","3":"status-publish","4":"has-post-thumbnail","6":"product_cat-vaatteet","7":"product_tag-kauluspaita","8":"product_tag-paita","9":"product_tag-perhonen","10":"product_tag-pusero","11":"product_tag-sininen","12":"product_tag-viskoosi","14":"first","15":"instock","16":"shipping-taxable","17":"purchasable","18":"product-type-simple"},"_links":{"self":[{"href":"https:\/\/www.heinojadesign.com\/index.php?rest_route=\/wp\/v2\/product\/353","targetHints":{"allow":["GET"]}}],"collection":[{"href":"https:\/\/www.heinojadesign.com\/index.php?rest_route=\/wp\/v2\/product"}],"about":[{"href":"https:\/\/www.heinojadesign.com\/index.php?rest_route=\/wp\/v2\/types\/product"}],"replies":[{"embeddable":true,"href":"https:\/\/www.heinojadesign.com\/index.php?rest_route=%2Fwp%2Fv2%2Fcomments&post=353"}],"wp:featuredmedia":[{"embeddable":true,"href":"https:\/\/www.heinojadesign.com\/index.php?rest_route=\/wp\/v2\/media\/348"}],"wp:attachment":[{"href":"https:\/\/www.heinojadesign.com\/index.php?rest_route=%2Fwp%2Fv2%2Fmedia&parent=353"}],"wp:term":[{"taxonomy":"product_brand","embeddable":true,"href":"https:\/\/www.heinojadesign.com\/index.php?rest_route=%2Fwp%2Fv2%2Fproduct_brand&post=353"},{"taxonomy":"product_cat","embeddable":true,"href":"https:\/\/www.heinojadesign.com\/index.php?rest_route=%2Fwp%2Fv2%2Fproduct_cat&post=353"},{"taxonomy":"product_tag","embeddable":true,"href":"https:\/\/www.heinojadesign.com\/index.php?rest_route=%2Fwp%2Fv2%2Fproduct_tag&post=353"}],"curies":[{"name":"wp","href":"https:\/\/api.w.org\/{rel}","templated":true}]}}